 = -4*y. What is the units digit of y?
4
Let m be (-18)/27*(-66)/4. Suppose -5*u - 8*s + 4178 = -m*s, -2498 = -3*u + 4*s. What is the tens digit of u?
3
Let t be 22/((6/(-69))/(-6 + 4)). Let n = t + -141. What is the units digit of n?
5
Let k = 13 - 11. Suppose 0 = -x + 5*c + 15, 2*c + k*c = 4*x - 28. Suppose 2*h = -g + 55, -h + 0 = x. What is the units digit of g?
5
Let t(j) = -3*j**2 + 35*j + 15. Let h be t(12). Suppose 5*k + 555 - 92 = 3*z, z = h*k + 161. What is the units digit of z?
6
Suppose 2861*j - 2864*j = 4*i - 118525, 0 = j - 3*i - 39517. What is the units digit of j?
1
Let s(b) = 4*b**3 - 270*b**2 + 7*b - 320. What is the thousands digit of s(69)?
8
Let w be (-946)/66*58*-6. Suppose 19*x - w = 6811. What is the hundreds digit of x?
6
Let f be 6/(18/15) - (2 - 1). Suppose 2*s + 3*d = 21 - 9, f*s + 5*d - 20 = 0. What is the units digit of s + 42 + 1 + -4?
9
Suppose -1 = -n - w - 0, n - 3*w + 3 = 0. Let q be (n - 3 - -6) + -18 - 2. Let h = q - -143. What is the tens digit of h?
2
Suppose 556 - 36 = -8*t. Let x = t + 68. Suppose 4*j - 5*g - 224 = 0, -5*g - 41 = -x*j + 2*j. What is the units digit of j?
1
Let z(a) = 43*a + 10. Let w(v) be the second derivative of -v**4/12 - 2*v**3 - 3*v**2 + 42*v. Let b be w(-11). What is the tens digit of z(b)?
2
Let i(n) = -5*n**2 + 1 - 2*n**2 + 8*n**2 + 4*n. Let c be i(-5). What is the units digit of (-8)/c*78/(-4)?
6
Let h = 10512 + -8301. What is the thousands digit of h?
2
Suppose 22 = n - 67. Suppose -3*j + 571 + n = 0. Suppose -g - 440 = -4*p - 0*g, 2*p + g = j. What is the units digit of p?
0
Let u be 64/30 - (-72)/(-540). What is the hundreds digit of u/6 + 78260/156?
5
Suppose -12 = 2*m, 44709 = 4*j + 3*m - 28133. What is the hundreds digit of j?
2
Let f(q) = 355*q - 1489. What is the units digit of f(7)?
6
What is the tens digit of ((-95784)/130)/((-45)/525)?
9
Let o(n) = -2 - 21*n - n**3 + 65*n**2 - 52*n**2 + 3 - 29*n**2. Let m be (-2 + 0 + 3)*-15. What is the tens digit of o(m)?
9
Suppose 0*b = -34*b - 6*b + 927560. What is the ten thousands digit of b?
2
Suppose b - n = -6*n, -5*b = 2*n. Suppose b = -14*g + 10*g + 1104. What is the hundreds digit of g?
2
Let l be ((-11)/55)/((-2)/190). Let v(p) = 47*p + 3. What is the units digit of v(l)?
6
Suppose 0 = -89*u + 721428 + 3405123 - 601350. What is the hundreds digit of u?
6
Suppose -4*h = -5*f - 62652, 126*f = 122*f. What is the units digit of h?
3
Suppose -12*r + 116 = 17*r. Suppose -2756 = -r*c + 17*g - 15*g, 0 = c + g - 683. What is the tens digit of c?
8
Let i = -3977 - -18088. What is the ten thousands digit of i?
1
Let x(t) be the third derivative of 13*t**5/20 - t**4/24 + 6*t**2. Suppose -129*n - 7 = -136*n. What is the tens digit of x(n)?
3
Let h be 49*2*(-5 - -4). Let d = h + 180. What is the units digit of d*(3 - 2) + 2?
4
Suppose -10*r - r + 26438 = -47031. What is the hundreds digit of r?
6
Let k(m) = -148*m**3 + 5*m + 150*m**3 + m + 4*m**2 - 32. What is the units digit of k(6)?
0
Let v be (-71 - -70)*(1 - 1). Let f(g) = -2*g**2 + 695. What is the tens digit of f(v)?
9
Let x(t) = -126*t - 129*t - 15 + 587*t - 141*t - 151*t. Suppose -4*a = -2*k + 2, k + a - 10 = -2*k. What is the hundreds digit of x(k)?
1
Let s = 149 + -146. Suppose 4*o - 5*i + 0*i = -3, -s*o - i = -12. What is the units digit of o?
3
Let w = 8725 - 1815. Suppose 12*o - w = 830. What is the tens digit of o?
4
Suppose -17*x + 4095 + 23241 = 0. Suppose -x - 498 = -3*i. What is the hundreds digit of i?
7
Suppose -2*a - 5*p - 6 = 0, 5*a + 5*p = 2*a - 4. Suppose 15 = c + a*c, w - 229 = 4*c. What is the hundreds digit of w?
2
Suppose 0 = 4*b - r - 347 + 3667, b = 3*r - 819. Let p = -326 - b. What is the tens digit of p?
0
Let w be (-5769)/(-6)*5/((-20)/(-8)). Let b = -1232 + w. What is the tens digit of b?
9
Let a be -1 + 38 - (-9)/9. Suppose r - 4*c = 35, 5*c + a = -0*r + r. Suppose -5*w + r = 2*k, -2*w - w + 21 = 3*k. What is the units digit of k?
4
Suppose -l + 1894 = -3*z, 2*z + 131 = 3*l - 1120. Let f = z - -899. What is the tens digit of f?
6
Let w = 79 + -69. Suppose t + u = w, 3*t - 3*u = -u + 45. Suppose 4*c - t*c = -351. What is the tens digit of c?
3
Let k(m) = -m**3 + 11*m**2 + 9*m + 13. Let x(o) = -2*o**3 + 21*o**2 + 18*o + 27. Let y(s) = 9*k(s) - 4*x(s). What is the hundreds digit of y(10)?
5
Suppose -2*o + 4 = -2. Let w = 52 - 49. Suppose -w*z + 225 = -o*x, -5*z = -0*x + 4*x - 420. What is the tens digit of z?
8
Suppose -107*h - 30038 = -130*h. What is the tens digit of h?
0
Let a(r) = -3 + r**2 - 4715*r**3 - 3*r + 3*r + 4714*r**3. Suppose 8*q + 28 + 4 = 0. What is the units digit of a(q)?
7
Let p = -3410 + 19920. What is the units digit of p?
0
Let f(t) = 3*t - 20. Let h be f(9). Suppose 871 + 354 = h*y. Suppose u = -5*c + 442, u - y = -2*c - 0*u. What is the units digit of c?
9
Let v be 1/(((-1)/(-1))/73). Let j = v + -68. Suppose -8*n = j*n - 2457. What is the hundreds digit of n?
1
Let x(u) = 1347*u - 67. What is the hundreds digit of x(7)?
3
What is the hundreds digit of ((-6)/(-2) + (-15260)/8)*-2?
8
Let o = 66 + -71. Let i(c) = -3*c**3 + 7*c**2 + 9*c - 13. Let h(t) = -t**3 + t**2 + t - 1. Let f(z) = 4*h(z) - i(z). What is the tens digit of f(o)?
8
Let o = -2065 - -23464. What is the units digit of o?
9
Suppose 3*v + 2*q - 35 = 0, -26 = -5*v + q + 28. Let n(m) = v - 30*m + 10*m + m**2 + 5*m + 10*m. What is the tens digit of n(11)?
7
Let j(y) = -2 + 3*y + 9*y**2 - 10*y**2 + 3*y**2. Let l be j(2). What is the hundreds digit of (0 + (-1 - 17))/(l/(-160))?
2
Let l(r) = 3*r. Let x be l(2). Let a be 20/x*18/12. Suppose -152 = -a*z + z. What is the units digit of z?
8
Let g = -1457 - -2792. What is the units digit of g?
5
What is the thousands digit of 11125 + (10 - -1) - 5?
1
Let b be (-9)/(-30) - (-957)/110. Suppose -4*v + 1322 = 3*d, b*d + 429 = 10*d - v. What is the tens digit of d?
3
Let c = 342 - 168. Let t(r) = 37*r**3 - 3*r**2 + 1. Let j be t(2). Suppose -610 = -4*n - 5*p, -3*p + j = 3*n - c. What is the hundreds digit of n?
1
Suppose -8*b + 9882 = -22422. Let o = -2878 + b. Suppose 9*s = -s + o. What is the units digit of s?
6
Let p(v) = -2*v**2 + 44*v + 541. What is the tens digit of p(27)?
7
Suppose -3*x = -12*v + 7*v - 10063, x - 6*v - 3337 = 0. What is the units digit of x?
1
Let u(k) = -2*k**3 - 9*k**2 - 12*k - 252. What is the units digit of u(-12)?
2
Let m(y) = -4*y**3 - y**2 + 2*y - 5. Let d be m(2). Let b = d + 40. Suppose -80 = b*l - 329. What is the tens digit of l?
8
Suppose 0 = -0*j + 3*j - 6. Suppose 6 = -2*h + 16. What is the units digit of -80*(-2 + -1)*j/h?
6
Let p = -58 + 23. Let b = -105 + p. Let d = 261 + b. What is the hundreds digit of d?
1
Let h = 2708 + 2312. What is the hundreds digit of h?
0
Let k be (-2)/((-14)/3) - 29870/(-406). Suppose -k*x = -80*x + 9342. What is the tens digit of x?
5
Let g be (-3)/(3 - 1098/368). Suppose -5*c - 4*b + 257 = -1065, 5*b - 277 = -c. Let w = c + g. What is the units digit of w?
8
Let g(u) = u**2 - 7*u + 19. Suppose -9*d + 2256 = -1686. Let l be d/36 + 1/(-6). What is the tens digit of g(l)?
7
Let b(h) = -h**3 + 38*h**2 + 53*h + 855. What is the hundreds digit of b(38)?
8
Let g(u) = 21*u**2 - 7. Let l be g(8). Suppose h - l = -3*x, 5*x + 5*x - 4*h - 4486 = 0. What is the tens digit of x?
4
Let u be (-8)/20*5 + 4 + 1. Suppose 0 = -u*t - 5*t + 24. Let s(h) = 33*h - 2. What is the tens digit of s(t)?
9
Suppose 208 = 4*k - 204. Suppose -2*d - 187 = 3*i, i - 181*d + 59 = -185*d. What is the tens digit of k + ((-14)/i - 40/18)?
0
Let v(h) = -5936*h - 45. Let f be v(-1). Suppose 3805 + f = 8*x. What is the tens digit of x?
1
Let u(h) = -10*h**3 + 5*h**2 + 5*h + 22. Let t = -308 + 304. What is the hundreds digit of u(t)?
7
Let y = 5044 - 5033. Suppose 2*l = -0*l - 58. Let q = y - l. What is the tens digit of q?
4
Suppose -2*j = 4*r - 21684, -3*r - 21712 = -39*j + 37*j. What is the ten thousands digit of j?
1
Suppose 9*j - 274415 = -113297. What is the hundreds digit of j?
9
Let z(o) = 2*o**2 + 7*o - 9. Suppose -2*t - 3*u = 94, 3*u - 269 = 5*t + 2*u. Let y = 45 + t. What is the units digit of z(y)?
3
Let x(c) = c**2 + 7*c + 3. Suppose -25 = 4*y + 3*i, -4*y - 1 = 5*i + 22. Let r be x(y). Suppose r*f - 64 - 206 = 0. What is the tens digit of f?
9
Suppose -3*o + 10495 = 6*d - 4*d, -15745 = -3*d 